 -5 - 4. List the prime factors of r(x).
2, 3
Let t(m) be the first derivative of -m**4/4 + 7*m**3/3 - 3*m**2 + 2*m + 5. What are the prime factors of t(5)?
2, 11
Let r(p) be the first derivative of p**4/2 - 17*p**3/3 + 5*p**2 - 13*p + 27. List the prime factors of r(8).
3
Suppose -4*v - 103 - 157 = 0. Let y = v + 109. What are the prime factors of y?
2, 11
Let b(p) = p + 4. Suppose -3*o + 4*o = 6. Let s be b(o). Suppose -2*i - i + 3*h = -3, 2*i - 5*h = -s. What are the prime factors of i?
5
Suppose 8880 = 15*z - 18825. What are the prime factors of z?
1847
Let d = -88 + 359. List the prime factors of d.
271
Suppose c = -2*r + 49, r - 94 = -3*c + 48. What are the prime factors of c?
47
Let j(w) = -6*w + 16. Let i be j(5). List the prime factors of (-56)/i - (-1 + -34).
3, 13
List the prime factors of 108/15*3125/10.
2, 3, 5
Let j = 54 - 32. Suppose 63 = 25*q - j*q. List the prime factors of q.
3, 7
Let o(q) = -q - 10. Let g be o(-15). Suppose 0 = g*t - 910 - 160. List the prime factors of t.
2, 107
Let v(y) = 5*y**2 - y + 2. Let g be v(2). Suppose 0*r - g = -r. List the prime factors of r.
2, 5
Let f(k) = k**2 - 4*k + 5. Suppose -2 = h - 5. Let p be f(h). Suppose -3*b - p*x + 81 = 0, 4*b = -b + 2*x + 135. What are the prime factors of b?
3
Let o(i) = 16*i - 81. List the prime factors of o(16).
5, 7
Let a(j) = -j**3 - 17*j**2 - 28*j + 36. Let y be a(-15). Suppose -3*v = -3*m - 606, y*v - v - m = 1030. What are the prime factors of v?
3, 23
Let z(p) = -2*p - 2. Let l be z(7). Let k = l + 28. Suppose 0 = -x + 5*x - k. What are the prime factors of x?
3
List the prime factors of 1270 - -6*4/2.
2, 641
Suppose 2*g = 4*v + 3168, -698 = 2*g + v - 3881. What are the prime factors of g?
2, 3, 5, 53
List the prime factors of (935/68)/(0 - (-1)/52).
5, 11, 13
Suppose 60 = -6*r + 7*r. Suppose 4*l = r + 4. List the prime factors of 376/9 - l/(-72).
2, 3, 7
Suppose -220 = -5*n + 7*n. Let w = -15 - n. Suppose -w = -5*p - 5*d, 6*d = -3*p + d + 63. List the prime factors of p.
2
Suppose -2*k = -3*k - 1. Let m(z) be the second derivative of -27*z**5/20 + z**4/4 + z**3/6 - z**2/2 - z + 61. List the prime factors of m(k).
2, 7
Let x = 281 + -169. Suppose -2*d + x = -3*o, -4*o - 114 - 20 = 5*d. Let h = o - -71. List the prime factors of h.
5, 7
Suppose 37411 = t + 18*t. What are the prime factors of t?
11, 179
Let c be 2/(-9) + (-3940)/90. Let s = c - -109. What are the prime factors of s?
5, 13
Let o = -8 - -5. Let v be -2*(3 - o/6). List the prime factors of (v/(-1))/(5/10).
2, 7
Let n(z) = -z**2 + 13*z + 17. Let b be n(11). Let q = 4 + b. What are the prime factors of q?
43
Let k be 17 - 2 - (1 + 0). Suppose -4*n + 12 = 0, -3*a - 13 = -5*n + k. Let g = 24 - a. List the prime factors of g.
2, 7
Let y(h) = h**2 + h - 1. Let u(f) = 14*f**2 + 15*f - 8. Let o(r) = u(r) - 6*y(r). What are the prime factors of o(-4)?
2, 3, 5
Let h(q) = 8*q**2 + 17*q - 26. List the prime factors of h(-12).
2, 461
Suppose -2*q + 3*q = 5*c + 17, 2*c - 4 = -5*q. Suppose -a + 4*v + 10 + 0 = 0, 2*v = -q. List the prime factors of a/(-9) + (-364)/(-6).
2, 3, 5
Let z(r) = 44*r**3 - 2*r**2 + 4*r - 2. Let c be z(1). List the prime factors of 414/(-24)*c/(-3).
11, 23
Let d be 7/(-7)*0/(-1). Let h = -1 + d. List the prime factors of h*((-2 - -3) + -8).
7
Let o(m) = -m**2 - m. Let q(v) = -v**2 + 16*v - 14. Let z(j) = -2*o(j) + q(j). Let b = -73 - -53. List the prime factors of z(b).
2, 13
Let u(x) = 33*x + 65. List the prime factors of u(8).
7, 47
Let u(z) = -2*z + 8. Let h be u(4). Let o(a) = h*a - 4*a + a + 3 - 2. List the prime factors of o(-2).
7
List the prime factors of 14/49 + 4/((-84)/(-1443)).
3, 23
Let o be 9*16 - (-2 + 2). Let k be ((-4)/6)/((-32)/o). Suppose 5*v = 2*v + 3*a + 150, k*a = -4*v + 207. List the prime factors of v.
3, 17
Let l(b) = -b**2 + 28*b + 5. Let u be l(28). Suppose 2*j - 4*s - 402 = 0, -623 = -3*j + u*s - 4*s. List the prime factors of j.
11, 19
Suppose -5*w - 1504 + 7079 = 0. List the prime factors of w.
5, 223
Suppose 27*q - 24*q + 6 = 0. Let j(c) = 11*c**2 + 2. What are the prime factors of j(q)?
2, 23
Let x = 9565 - 5300. List the prime factors of x.
5, 853
Suppose -2*q = -3 + 13. What are the prime factors of 3*20/(-6)*q?
2, 5
Suppose w = 4*b - 28, -3*w = -4*b - w + 28. Suppose -b = s - 4*d, -d + 0 = -4. Suppose -2*j = 5*t - 68, 5*t + 1 = -s. What are the prime factors of j?
3, 13
List the prime factors of (-3)/(3/5*2/(-158)).
5, 79
Let x = -12 - -9. Let c be -1 - x/(12/16). Suppose -3*b + 0*u = c*u - 39, -4*u + 8 = 0. What are the prime factors of b?
11
Let o = 1065 + -613. What are the prime factors of o?
2, 113
Suppose 0 = 2*k - a - 7790, 5*k + 3269 = 5*a + 22754. What are the prime factors of k?
17, 229
Let t = -181 - -209. Let c(k) = k**3 + 7*k**2 + 7*k + 8. Let z be c(-6). Suppose t = z*a - 12. List the prime factors of a.
2, 5
Let j be -3 + 29 - (0 - -4). Let c be j/(-3) - (-4)/(-6). Let n(b) = b**2 + 2*b - 10. What are the prime factors of n(c)?
2, 19
Let k(x) = 2*x**3 + 13*x**2 - 9. Let f be k(-7). Let h = f - -96. List the prime factors of h.
2, 19
Suppose -4*n + 41 = -15. Suppose 5*s + 50 = 5*i, -4*i + 4 = 2*s - 24. List the prime factors of n + 0*(-2)/i.
2, 7
Suppose -6852 + 29468 = 22*n. List the prime factors of n.
2, 257
Let v(j) = -5*j**2 - 2*j + 3*j + 6*j**2 + 0*j + 6. List the prime factors of v(4).
2, 13
Let g(x) = 28*x**3 - 4*x - 15. What are the prime factors of g(4)?
3, 587
Suppose 2715 = 5*b - 470. List the prime factors of b.
7, 13
Suppose 2*v - 336 - 450 = 0. What are the prime factors of v?
3, 131
Let v = -32 + 20. Let t = v - 17. Let k = 53 + t. List the prime factors of k.
2, 3
Suppose -2*l + 36 = -2. Suppose 0 = -2*v - 2*v - 20. Let j = v + l. List the prime factors of j.
2, 7
Let f(b) = 3*b - 6. Let o be f(4). Let l = 13 - 15. Let s = l + o. List the prime factors of s.
2
Let k(x) = x**3 + 6*x**2 - 3*x + 2. Let t be k(-6). List the prime factors of (-985)/(-4) + (-5)/t.
2, 3, 41
Let t = -32 - -23. What are the prime factors of (-1)/((-21)/t - 2) - -17?
2, 7
Suppose -2*c - 15 = -7*c. Let t(f) = 2*f + 16. Let j be t(-4). Suppose 0 = -2*o + b + 37, j*b = 5*o + c*b - 100. List the prime factors of o.
17
List the prime factors of -3 + (-1248984)/(-270) + 2/15.
3, 23, 67
Let w(x) = 1 - 206*x**3 - 31*x**2 + 21*x**2 + 11*x**2 + 3*x. What are the prime factors of w(-1)?
5, 41
Let a = 2 + -2. Suppose -4*z - z = a. Suppose 5*i - 373 - 2 = z. What are the prime factors of i?
3, 5
Let c = -50 + 52. What are the prime factors of ((-1 - 1)*c)/((-11)/44)?
2
Let j(q) = 3*q + 856. List the prime factors of j(0).
2, 107
Suppose 0 = -4*m + 2*i + 3*i - 17, -4*m + i = -3. Suppose 0*r = m*r - 6, -3*r - 29 = j. Let t = -2 - j. List the prime factors of t.
2, 3
Suppose 0 = -300*j + 297*j + 450. List the prime factors of j.
2, 3, 5
Suppose 3*u - 576 = 1056. What are the prime factors of u?
2, 17
List the prime factors of 118883/285 + (12/(-45))/2.
3, 139
Let a(p) = 0 - 2 - p + 0*p - 6. Let t be a(-10). Suppose 0 = -t*m - 2*m + 64. What are the prime factors of m?
2
Suppose -654 = 2*c + 5*s - 4828, 0 = -5*s - 20. What are the prime factors of c?
3, 233
Let d(m) = -m**2 + 2*m - 4. Let b be d(4). Let g(p) = -p**2 - 17*p - 9. Let v be g(b). Suppose 0 = -5*a + 2*a + v. List the prime factors of a.
17
Let d be (-201)/(-9) - (-2)/(-6). Let w = -205 - -199. Let b = d - w. What are the prime factors of b?
2, 7
Let w(p) = 38*p**2 - 5*p - 59. List the prime factors of w(-5).
2, 229
Let i = 373 - 136. What are the prime factors of i?
3, 79
List the prime factors of 2/(-14)*(-4 - 7899).
1129
Let d be 2 + -4*(-3)/6. Let x(j) = j**3 - 5*j**2 + 4*j + 3. Let n be x(d). Suppose 0*i - i + 4 = p, 12 = n*p - 3*i. What are the prime factors of p?
2
Let z be (85/(-20))/(1/(-4)). Suppose h - 5 = -1. Let x = h + z. What are the prime factors of x?
3, 7
Let a = 11939 - 21919. List the prime factors of (-2)/(-9) - a/45.
2, 3, 37
Let v be 4 + (-147 + 1 - -1). Let d = -80 - v. List the prime factors of d.
61
Let l = -35 + 71. Let r be ((-4)/(-3))/(4/l). Suppose 3*q - 2*q = r. List the prime factors of q.
2, 3
Let n(o) = 70*o**3 - o**2 + 3*o + 7. What are the prime factors of n(3)?
7, 271
Suppose 0 = -7*g + 6916 - 1918. List the prime factors of g.
2, 3, 7, 17
Let b(r) = -60*r + 2. 